








{"id":1204,"date":"2017-06-08T15:58:02","date_gmt":"2017-06-08T13:58:02","guid":{"rendered":"http:\/\/test.agerin.ovh\/?page_id=1204"},"modified":"2023-07-21T12:35:27","modified_gmt":"2023-07-21T10:35:27","slug":"evaluations-environnementales","status":"publish","type":"page","link":"https:\/\/agerin.ovh\/index.php\/domaines-dactivite\/ecologieecohydraulique\/evaluations-environnementales\/","title":{"rendered":"Evaluations environnementales"},"content":{"rendered":"<hr \/>\n<p>Notre expertise de plus de 20 ans dans nos diff\u00e9rents domaines d\u2019activit\u00e9 nous permet de prendre en compte les enjeux et impacts potentiels de vos projets.<\/p>\n<p>Nous disposons d&rsquo;une \u00e9quipe d&rsquo;experts hautement qualifi\u00e9s qui adoptent une approche globale consid\u00e9rant l&rsquo;ensemble des aspects d\u2019un projet. Nous \u00e9valuons ainsi les interactions complexes entre les diff\u00e9rentes composantes de l&rsquo;environnement tout en int\u00e9grant le volet financier des projets lors de nos propositions et conceptions.<\/p>\n<p>Nous vous accompagnons dans vos d\u00e9marches et d\u00e9finition de projet afin qu\u2019ils aboutissent dans le respect des r\u00e8glementations en vigueurs. Pour cela, nous vous accompagnons en proposant des recommandations et des mesures d&rsquo;att\u00e9nuation pour minimiser les impacts n\u00e9gatifs potentiels d\u2019un projet sur l&rsquo;environnement. Nous sommes r\u00e9put\u00e9s pour notre expertise technique, notre rigueur scientifique et notre approche transparente et <u>ind\u00e9pendante <\/u>de nos dossiers.<\/p>\n<p>Chez AGERIN, nous sommes d\u00e9termin\u00e9s \u00e0 fournir des \u00e9tudes environnementales de haute qualit\u00e9, en contribuant \u00e0 la protection de l&rsquo;environnement tout en aidant nos clients \u00e0 prendre des d\u00e9cisions \u00e9clair\u00e9es et durables.<\/p>\n","protected":false},"excerpt":{"rendered":"<p>Notre expertise de plus de 20 ans dans nos diff\u00e9rents domaines d\u2019activit\u00e9 nous permet de prendre en compte les enjeux et impacts potentiels de vos projets. Nous disposons d&rsquo;une \u00e9quipe d&rsquo;experts hautement qualifi\u00e9s qui adoptent une approche globale consid\u00e9rant l&rsquo;ensemble des aspects d\u2019un projet. Nous \u00e9valuons ainsi les interactions complexes entre les diff\u00e9rentes composantes de [&hellip;]<\/p>\n","protected":false},"author":1,"featured_media":0,"parent":1076,"menu_order":0,"comment_status":"closed","ping_status":"closed","template":"","meta":[],"_links":{"self":[{"href":"https:\/\/agerin.ovh\/index.php\/wp-json\/wp\/v2\/pages\/1204"}],"collection":[{"href":"https:\/\/agerin.ovh\/index.php\/wp-json\/wp\/v2\/pages"}],"about":[{"href":"https:\/\/agerin.ovh\/index.php\/wp-json\/wp\/v2\/types\/page"}],"author":[{"embeddable":true,"href":"https:\/\/agerin.ovh\/index.php\/wp-json\/wp\/v2\/users\/1"}],"replies":[{"embeddable":true,"href":"https:\/\/agerin.ovh\/index.php\/wp-json\/wp\/v2\/comments?post=1204"}],"version-history":[{"count":6,"href":"https:\/\/agerin.ovh\/index.php\/wp-json\/wp\/v2\/pages\/1204\/revisions"}],"predecessor-version":[{"id":2030,"href":"https:\/\/agerin.ovh\/index.php\/wp-json\/wp\/v2\/pages\/1204\/revisions\/2030"}],"up":[{"embeddable":true,"href":"https:\/\/agerin.ovh\/index.php\/wp-json\/wp\/v2\/pages\/1076"}],"wp:attachment":[{"href":"https:\/\/agerin.ovh\/index.php\/wp-json\/wp\/v2\/media?parent=1204"}],"curies":[{"name":"wp","href":"https:\/\/api.w.org\/{rel}","templated":true}]}}