








{"id":1208,"date":"2017-06-08T15:58:53","date_gmt":"2017-06-08T13:58:53","guid":{"rendered":"http:\/\/test.agerin.ovh\/?page_id=1208"},"modified":"2021-02-11T15:32:48","modified_gmt":"2021-02-11T13:32:48","slug":"mesures-de-debits","status":"publish","type":"page","link":"https:\/\/agerin.ovh\/index.php\/domaines-dactivite\/hydraulique\/mesures-de-debits\/","title":{"rendered":"Mesures de d\u00e9bits"},"content":{"rendered":"<hr \/>\n<div class=\"csRow\">\n<div class=\"csColumn\" style=\"margin: 0px; padding: 0px; float: left; width: 95.1%;\" data-csstartpoint=\"0\" data-csendpoint=\"500\" data-cswidth=\"52.1%\" data-csid=\"c1a94512-f981-db6e-8223-b4c239040dbe\">\n<p style=\"text-align: justify;\">Nous r\u00e9alisons pour vous des mesures de d\u00e9bits en rivi\u00e8re de faible ou forte profondeur, en canaux, ou au sein d\u2019ouvrages hydrauliques sp\u00e9cifiques (passes \u00e0 poissons, dispositifs de d\u00e9bits r\u00e9serv\u00e9s, etc.).<\/p>\n<p style=\"text-align: justify;\">Nous ma\u00eetrisons un grand nombre d\u2019outils et de m\u00e9thodes permettant de d\u00e9terminer finement votre d\u00e9bit\u00a0: mesures ADCP (sur perche ou par flotteur), micro moulinet (courantom\u00e8tre), seuil de contr\u00f4le, m\u00e9thode par capacit\u00e9.<\/p>\n<p style=\"text-align: justify;\">Chaque mesure d\u00e9bouche sur un rapport d\u00e9taill\u00e9 sp\u00e9cifiant les mesures effectu\u00e9es et les r\u00e9sultats obtenus.<\/p>\n<p>&nbsp;<\/p>\n<\/div>\n<p>&nbsp;<\/p>\n<div class=\"csColumn\" style=\"margin: 0px; padding: 0px; float: left; width: 95.1%;\" data-csstartpoint=\"0\" data-csendpoint=\"500\" data-cswidth=\"52.1%\" data-csid=\"c1a94512-f981-db6e-8223-b4c239040dbe\">\n<p>[foogallery id=\u00a0\u00bb1431&Prime;]<\/p>\n<\/div>\n<p>&nbsp;<\/p>\n<div class=\"csColumn\" style=\"margin: 0px; padding: 0px; float: left; width: 52.1%;\" data-csstartpoint=\"0\" data-csendpoint=\"500\" data-cswidth=\"52.1%\" data-csid=\"c1a94512-f981-db6e-8223-b4c239040dbe\"><\/div>\n<div class=\"csColumnGap\" style=\"margin: 0px; padding: 0px; float: left; width: 9.38%;\"><img decoding=\"async\" style=\"border: none;\" src=\"http:\/\/agerin.ovh\/wp-content\/plugins\/advanced-wp-columns\/assets\/js\/plugins\/views\/img\/1x1-pixel.png\" \/><\/div>\n<div class=\"csColumn\" style=\"margin: 0px; padding: 0px; float: left; width: 38.5%;\" data-csstartpoint=\"590\" data-csendpoint=\"960\" data-cswidth=\"38.5%\" data-csid=\"d11b0b50-73cf-c33f-b0d9-7ccdeb839e2c\">\n<div style=\"text-align: center;\"><\/div>\n<\/div>\n<\/div>\n","protected":false},"excerpt":{"rendered":"<p>Nous r\u00e9alisons pour vous des mesures de d\u00e9bits en rivi\u00e8re de faible ou forte profondeur, en canaux, ou au sein d\u2019ouvrages hydrauliques sp\u00e9cifiques (passes \u00e0 poissons, dispositifs de d\u00e9bits r\u00e9serv\u00e9s, etc.). Nous ma\u00eetrisons un grand nombre d\u2019outils et de m\u00e9thodes permettant de d\u00e9terminer finement votre d\u00e9bit\u00a0: mesures ADCP (sur perche ou par flotteur), micro moulinet [&hellip;]<\/p>\n","protected":false},"author":1,"featured_media":0,"parent":1074,"menu_order":0,"comment_status":"closed","ping_status":"closed","template":"","meta":[],"_links":{"self":[{"href":"https:\/\/agerin.ovh\/index.php\/wp-json\/wp\/v2\/pages\/1208"}],"collection":[{"href":"https:\/\/agerin.ovh\/index.php\/wp-json\/wp\/v2\/pages"}],"about":[{"href":"https:\/\/agerin.ovh\/index.php\/wp-json\/wp\/v2\/types\/page"}],"author":[{"embeddable":true,"href":"https:\/\/agerin.ovh\/index.php\/wp-json\/wp\/v2\/users\/1"}],"replies":[{"embeddable":true,"href":"https:\/\/agerin.ovh\/index.php\/wp-json\/wp\/v2\/comments?post=1208"}],"version-history":[{"count":14,"href":"https:\/\/agerin.ovh\/index.php\/wp-json\/wp\/v2\/pages\/1208\/revisions"}],"predecessor-version":[{"id":1970,"href":"https:\/\/agerin.ovh\/index.php\/wp-json\/wp\/v2\/pages\/1208\/revisions\/1970"}],"up":[{"embeddable":true,"href":"https:\/\/agerin.ovh\/index.php\/wp-json\/wp\/v2\/pages\/1074"}],"wp:attachment":[{"href":"https:\/\/agerin.ovh\/index.php\/wp-json\/wp\/v2\/media?parent=1208"}],"curies":[{"name":"wp","href":"https:\/\/api.w.org\/{rel}","templated":true}]}}