








{"id":15,"date":"2016-07-21T14:48:13","date_gmt":"2016-07-21T12:48:13","guid":{"rendered":"http:\/\/test.agerin.ovh\/?page_id=15"},"modified":"2018-06-21T12:33:11","modified_gmt":"2018-06-21T10:33:11","slug":"diguesbarrages","status":"publish","type":"page","link":"https:\/\/agerin.ovh\/index.php\/references\/diguesbarrages\/","title":{"rendered":"Etudes et diagnostics des digues et barrages"},"content":{"rendered":"<hr \/>\n<div class=\"csRow\">\n<div class=\"csColumn\" style=\"margin: 0px; padding: 0px; float: left; width: 52.1%;\" data-csstartpoint=\"0\" data-csendpoint=\"500\" data-cswidth=\"52.1%\" data-csid=\"2e51d8e9-2728-bcd7-9ddb-fba325cd6acd\">\n<p class=\"font_8\"><strong><span style=\"text-decoration: underline;\">2017<\/span> :<\/strong><\/p>\n<ul class=\"font_7\">\n<li>\n<p class=\"font_7\">Barrage du Moulinal. Analyse de la situation actuelle et possibilit\u00e9s de rem\u00e9diation (82)<br \/>\n<em>Ma\u00eetrise d&rsquo;Ouvrage : M. Laroque<br \/>\n<\/em><\/p>\n<\/li>\n<\/ul>\n<p>&nbsp;<\/p>\n<p class=\"font_8\" style=\"text-align: justify;\"><strong><span style=\"text-decoration: underline;\">2016\u00a0:<\/span><\/strong><\/p>\n<ul class=\"font_7\" style=\"text-align: justify;\">\n<li>\n<p class=\"font_7\">Etude et expertise des ouvrages communaux de lutte contre les inondations et crues torrentielles (digues, barrages et \u00ab\u00a0syst\u00e8mes de protection\u00a0\u00bb) (09).<br \/>\n<span style=\"font-size: 10pt;\"><em>Ma\u00eetrise d&rsquo;Ouvrage : SYRPPA, SYMAR.<\/em><\/span><\/p>\n<\/li>\n<\/ul>\n<p style=\"text-align: justify;\">\n<p class=\"font_7\" style=\"text-align: justify;\"><span style=\"text-decoration: underline;\"><strong>2015\u00a0:<\/strong><\/span><\/p>\n<ul class=\"font_7\" style=\"text-align: justify;\">\n<li>\n<p class=\"font_8\">Etude de l\u2019\u00e9vacuateur du barrage de la Th\u00e9sauque (Cat C) (31).<br \/>\n<span style=\"font-size: 10pt;\"><em>Ma\u00eetrise d&rsquo;Ouvrage\u00a0: CO.LAUR.SUD.<\/em><\/span><\/p>\n<\/li>\n<li>\n<p class=\"font_8\">Visite technique Approfondie et diagnostic initial de s\u00fbret\u00e9 de la digue de la centrale \u00e9lectrique de Fontaine Gu\u00e9rard (27).<br \/>\n<span style=\"font-size: 10pt;\"><em>Ma\u00eetrise d&rsquo;Ouvrage : R\u00e9gie Electrique d&rsquo;Elbeuf.<\/em><\/span><\/p>\n<\/li>\n<li>\n<p class=\"font_8\">Visite technique Approfondie du barrage de Smidt \u00e0 L\u00e9zat (09).<br \/>\n<span style=\"font-size: 10pt;\"><em>Ma\u00eetrise d&rsquo;Ouvrage : M. De Smidt.<\/em><\/span><\/p>\n<\/li>\n<li>\n<p class=\"font_8\">Etude hydrologique et hydraulique de l\u2019\u00e9vacuateur du barrage du Malivert (Cat C) (82).<br \/>\n<span style=\"font-size: 10pt;\"><em>Ma\u00eetrise d&rsquo;Ouvrage\u00a0: Mairie de Moli\u00e8res.<\/em><\/span><\/p>\n<\/li>\n<li>\n<p class=\"font_8\">Etude de dimensionnement du d\u00e9versoir du barrage de Gay\u00a0 (Cat C) (31).<br \/>\n<span style=\"font-size: 10pt;\"><em>Ma\u00eetrise d&rsquo;Ouvrage\u00a0: Mme Faggianelli.<\/em><\/span><\/p>\n<\/li>\n<li>\n<p class=\"font_8\">Etude des capacit\u00e9s hydrauliques de l\u2019\u00e9vacuateur de crue du barrage de Gnioure\u00a0 (Cat A) (09).<br \/>\n<span style=\"font-size: 10pt;\"><em>Ma\u00eetrise d&rsquo;Ouvrage\u00a0: EDF-UPSO.<\/em><\/span><\/p>\n<\/li>\n<li>\n<p class=\"font_8\">Etude de stabilit\u00e9 du barrage de Las-Rives (cat C) (09).<br \/>\n<span style=\"font-size: 10pt;\"><em>Ma\u00eetrise d&rsquo;Ouvrage :\u00a0SHEMA.<\/em><\/span><\/p>\n<\/li>\n<li>\n<p class=\"font_8\">Etude de conception et de dimensionnement du nouveau barrage de Las-Rives (09).<br \/>\n<span style=\"font-size: 10pt;\"><em>Ma\u00eetrise d&rsquo;Ouvrage :\u00a0SHEMA.<\/em><\/span><\/p>\n<\/li>\n<li>\n<p class=\"font_8\">Etude de capacit\u00e9s hydrauliques du d\u00e9versoir du barrage (cat A) de Gnioure (09).<br \/>\n<span style=\"font-size: 10pt;\"><em>Ma\u00eetrise d&rsquo;Ouvrage : EDF \u2013 UPSO.<\/em><\/span><\/p>\n<\/li>\n<\/ul>\n<p style=\"text-align: justify;\">\n<p class=\"font_7\" style=\"text-align: justify;\"><span style=\"text-decoration: underline;\"><strong>2014 :<\/strong><\/span><\/p>\n<ul class=\"font_7\" style=\"text-align: justify;\">\n<li>\n<p class=\"font_7\">Diagnostic de s\u00fbret\u00e9 du barrage de la Moulinotte (82).<br \/>\n<span style=\"font-size: 10pt;\"><em>Ma\u00eetrise d&rsquo;Ouvrage : SOTRAMO, Rouleau-Guichard Energie.<\/em><\/span><\/p>\n<\/li>\n<li>\n<p class=\"font_7\">Visite technique approfondie et diagnostic de suret\u00e9 du barrage du Carla-Bayle (09).<br \/>\n<span style=\"font-size: 10pt;\"><em>Ma\u00eetrise d&rsquo;Ouvrage : Commune du Carla-Bayle.<\/em><\/span><\/p>\n<\/li>\n<li>\n<p class=\"font_7\">Visite Technique Approfondie et diagnostic de suret\u00e9 du barrage de l\u2019Andourras \u00e0 Saint-Ybars (09).<br \/>\n<span style=\"font-size: 10pt;\"><em>Ma\u00eetrise d&rsquo;Ouvrage\u00a0: GAEC Faure, propri\u00e9taire.<\/em><\/span><\/p>\n<\/li>\n<li>\n<p class=\"font_7\">Visite Technique Approfondie de la digue de Verdun sur le Ruisseau des Moulines (09).<br \/>\n<span style=\"font-size: 10pt;\"><em>Ma\u00eetrise d&rsquo;Ouvrage : Commune de Verdun.<\/em><\/span><\/p>\n<\/li>\n<li>\n<p class=\"font_7\">Etude de capacit\u00e9s hydrauliques du d\u00e9versoir du barrage (cat\u00e9gorie A) d\u2019Izourt(09).<br \/>\n<span style=\"font-size: 10pt;\"><em>Ma\u00eetrise d&rsquo;Ouvrage : EDF \u2013 UPSO.<\/em><\/span><\/p>\n<\/li>\n<li>\n<p class=\"font_7\">Visite Technique Approfondie et diagnostic de s\u00fbret\u00e9 des barrages de Fourmis, Verse-sud et Basqui dans la carri\u00e8re de talc de Trimouns (09).<br \/>\n<span style=\"font-size: 10pt;\"><em>Ma\u00eetrise d&rsquo;Ouvrage\u00a0: Im\u00e9rys-Talc.<\/em><\/span><\/p>\n<\/li>\n<\/ul>\n<p style=\"text-align: justify;\">\n<p class=\"font_8\" style=\"text-align: justify;\">\u00a0<span style=\"text-decoration: underline;\"><strong>2013 :<\/strong><\/span><\/p>\n<ul class=\"font_7\" style=\"text-align: justify;\">\n<li>\n<p class=\"font_7\">Visite technique approfondie et diagnostic initial de s\u00fbret\u00e9 et \u00e9tude de danger de la digue du Salat \u00e0 Prat-Bonrepaux (09).<br \/>\n<span style=\"font-size: 10pt;\"><em>Ma\u00eetrise d&rsquo;Ouvrage : Commune de Prat-Bonrepaux.<\/em><\/span><\/p>\n<\/li>\n<li>\n<p class=\"font_7\">Visite technique approfondie et diagnostic de s\u00fbret\u00e9 du barrage de Montbrun-Lauragais (31).<br \/>\n<span style=\"font-size: 10pt;\"><em>Ma\u00eetrise d&rsquo;Ouvrage : Mme Faggianelli.<\/em><\/span><\/p>\n<\/li>\n<\/ul>\n<ul class=\"font_7\" style=\"text-align: justify;\">\n<li>\n<p class=\"font_7\">Visite technique approfondie et diagnostic de s\u00fbret\u00e9 du barrage de la Calle \u00e0 Fourquevaux (31).<br \/>\n<span style=\"font-size: 10pt;\"><em>Ma\u00eetrise d&rsquo;Ouvrage :\u00a0Mr Michelin.<\/em><\/span><\/p>\n<\/li>\n<li>\n<p class=\"font_7\">Visite technique approfondie et \u00e9tude de danger de la digue de l&rsquo;Ari\u00e8ge \u00e0 Savignac-les-Ormeaux (09).<br \/>\n<span style=\"font-size: 10pt;\"><em>Ma\u00eetrise d&rsquo;Ouvrage :\u00a0Commune de Savignac-les-Ormeaux.<\/em><\/span><\/p>\n<\/li>\n<\/ul>\n<ul class=\"font_7\" style=\"text-align: justify;\">\n<li>\n<p class=\"font_7\">Etude de danger pour les ouvrages de r\u00e9tention des crues des ruisseaux sur le plateau de Madrie (27).<br \/>\n<span style=\"font-size: 10pt;\"><em>Ma\u00eetrise d&rsquo;Ouvrage :\u00a0Communaut\u00e9 de communes Eure Madrie Seine.<\/em><\/span><\/p>\n<\/li>\n<li>\n<p class=\"font_7\">Visite technique approfondie de la retenue du barrage de Bannac (46\/12).<br \/>\n<span style=\"font-size: 10pt;\"><em>Ma\u00eetrise d&rsquo;Ouvrage : SIVU du lac de Bannac.<\/em><\/span><\/p>\n<\/li>\n<\/ul>\n<p style=\"text-align: justify;\">\n<p class=\"font_7\" style=\"text-align: justify;\"><span style=\"text-decoration: underline;\"><strong>2012 :<\/strong><\/span><\/p>\n<ul class=\"font_7\" style=\"text-align: justify;\">\n<li>\n<p class=\"font_7\">Visite technique approfondie et \u00e9tude de danger de la digue de centrale de Fontaine Gu\u00e9rard (27).<br \/>\n<span style=\"font-size: 10pt;\"><em>Ma\u00eetrise d&rsquo;Ouvrage :\u00a0R\u00e9gie Elctrique d&rsquo;Elbeuf.<\/em><\/span><\/p>\n<\/li>\n<li>\n<p class=\"font_7\">Visite technique approfondie et diagnostic de s\u00fbret\u00e9 de la digue des 150 \u00e0 Villeneuve d&rsquo;Olmes (09).<br \/>\n<span style=\"font-size: 10pt;\"><em>Ma\u00eetrise d&rsquo;Ouvrage :\u00a0Commune de Villeneuve d&rsquo;Olmes.<\/em><\/span><\/p>\n<\/li>\n<li>\n<p class=\"font_7\">Visite technique approfondie du barrage de Picharol \u00e0 Mont\u00e9gut-Plautaurel (09).<br \/>\n<span style=\"font-size: 10pt;\"><em>Ma\u00eetrise d&rsquo;Ouvrage :\u00a0Mr. JP Rouzes.<\/em><\/span><\/p>\n<\/li>\n<li>\n<p class=\"font_7\">Visite technique approfondie et \u00e9tude de danger de la digue de Camon (09).<br \/>\n<span style=\"font-size: 10pt;\"><em>Ma\u00eetrise d&rsquo;Ouvrage :\u00a0Commune de Camon.<\/em><\/span><\/p>\n<\/li>\n<\/ul>\n<ul class=\"font_7\" style=\"text-align: justify;\">\n<li>\n<p class=\"font_7\">Visite technique approfondie et diagnostic de s\u00fbret\u00e9 du barrage de Rieupeyroux (12).<br \/>\n<span style=\"font-size: 10pt;\"><em>Ma\u00eetrise d&rsquo;Ouvrage :\u00a0Commune de Rieupeyroux.<\/em><\/span><\/p>\n<\/li>\n<li>\n<p class=\"font_7\">Etude de danger et dimensionnement du projet de digues de protection de Charleval sur l&rsquo;Andelle (27).<br \/>\n<span style=\"font-size: 10pt;\"><em>Ma\u00eetrise d&rsquo;Ouvrage : SIBA, SOGETI.<\/em><\/span><\/p>\n<\/li>\n<\/ul>\n<ul class=\"font_7\" style=\"text-align: justify;\">\n<li>\n<p class=\"font_7\">Visite technique approfondie et diagnostic de s\u00fbret\u00e9 du barrage de Maurette (09).<br \/>\n<span style=\"font-size: 10pt;\"><em>Ma\u00eetrise d&rsquo;Ouvrage : Conseil G\u00e9n\u00e9ral de l&rsquo;Ari\u00e8ge.<\/em><\/span><\/p>\n<\/li>\n<li>\n<p class=\"font_7\">Etude de danger du projet de casier d&rsquo;expansion de crue de Charleval (27).<br \/>\n<span style=\"font-size: 10pt;\"><em>Ma\u00eetrise d&rsquo;Ouvrage : Syndicat Intercommunal du bassin de l&rsquo;Andelle.<\/em><\/span><\/p>\n<\/li>\n<li>\n<p class=\"font_8\">Visite technique Approfondie et diagnostic initial de s\u00fbret\u00e9 de la digue de Prat et Bonrepaux (09).<br \/>\n<span style=\"font-size: 10pt;\"><em>Ma\u00eetrise d&rsquo;Ouvrage : Commune de Prat-Bonrepaux.<\/em><\/span><\/p>\n<\/li>\n<li>\n<p class=\"font_8\">Visite technique Approfondie, diagnostic initial de s\u00fbret\u00e9 de la digue de l\u2019Ari\u00e8ge \u00e0 Savignac les Ormeaux (09).<br \/>\n<span style=\"font-size: 10pt;\"><em>Ma\u00eetrise d&rsquo;Ouvrage\u00a0: Commune de Savignac les Ormeaux.<\/em><\/span><\/p>\n<\/li>\n<li>\n<p class=\"font_8\">Visite technique Approfondie et diagnostic initial de s\u00fbret\u00e9 de la digue de protection du village de Verdun (09).<br \/>\n<span style=\"font-size: 10pt;\"><em>Ma\u00eetrise d&rsquo;Ouvrage : Commune de Verdun.<\/em><\/span><\/p>\n<\/li>\n<li>\n<p class=\"font_8\">Visite Technique Approfondie et diagnostic initial de s\u00fbret\u00e9 barrage de la Moulinote (82).<br \/>\n<span style=\"font-size: 10pt;\"><em>Ma\u00eetrise d&rsquo;Ouvrage : SOTRAMO, Rouleau-Guichard Energie.<\/em><\/span><\/p>\n<\/li>\n<li>\n<p class=\"font_8\">Etude de danger de la digue de Fontaine Gu\u00e9rard (76).<br \/>\n<span style=\"font-size: 10pt;\"><em>Ma\u00eetrise d&rsquo;Ouvrage : R\u00e9gie Electrique d\u2019Elbeuf.<\/em><\/span><\/p>\n<\/li>\n<li>\n<p class=\"font_8\">Visite technique Approfondie et diagnostic initial de s\u00fbret\u00e9 du barrage de Bannac (46).<br \/>\n<span style=\"font-size: 10pt;\"><em>Ma\u00eetrise d&rsquo;Ouvrage\u00a0: Commune de Martiel.<\/em><\/span><\/p>\n<\/li>\n<\/ul>\n<p style=\"text-align: justify;\">\n<p class=\"font_7\" style=\"text-align: justify;\"><span style=\"text-decoration: underline;\"><strong>2011 :<\/strong><\/span><\/p>\n<ul class=\"font_7\" style=\"text-align: justify;\">\n<li>\n<p class=\"font_7\">Restauration hydraulique des Etangs du S\u00e9gala dans l&rsquo;Aveyron (Etangs de Roudillou, Privezac, Lagarrigue et Anglar\u00e8s) (12).<br \/>\n<span style=\"font-size: 10pt;\">Ma\u00eetrise d&rsquo;Ouvrage :\u00a0Rural Concept.<\/span><\/p>\n<\/li>\n<li>\n<p class=\"font_7\">Inventaire et expertise des chauss\u00e9es sur le bassin versant de l\u2019Aveyron dans l\u2019Aveyron (12).<br \/>\n<span style=\"font-size: 10pt;\"><em>Ma\u00eetrise d&rsquo;Ouvrage :\u00a0DDT de l\u2019Aveyron.<\/em><\/span><\/p>\n<\/li>\n<li>\n<p class=\"font_7\">Demande d&rsquo;autorisation et suivi de la vidange du barrage de Gout\u00eate (09).<br \/>\n<span style=\"font-size: 10pt;\"><em>Ma\u00eetrise d&rsquo;Ouvrage :\u00a0Conseil G\u00e9n\u00e9ral de l&rsquo;Ari\u00e8ge.<\/em><\/span><\/p>\n<\/li>\n<li>\n<p class=\"font_7\">Inventaire et expertise des chauss\u00e9es sur les bassins versants des rivi\u00e8res Tarn et Lot dans l\u2019Aveyron (12).<br \/>\n<span style=\"font-size: 10pt;\"><em>Ma\u00eetrise d&rsquo;Ouvrage : DDT de l\u2019Aveyron.<\/em><\/span><\/p>\n<\/li>\n<li>\n<p class=\"font_7\">Diagnostic initial de s\u00fbret\u00e9. Digue de M\u00e9rens les Vals sur le Najear (09).<br \/>\n<span style=\"font-size: 10pt;\"><em>Ma\u00eetrise d&rsquo;Ouvrage :\u00a0Commune de M\u00e9rens les Vals.<\/em><\/span><\/p>\n<\/li>\n<\/ul>\n<p style=\"text-align: justify;\">\n<p class=\"font_7\" style=\"text-align: justify;\"><span style=\"text-decoration: underline;\"><strong>2010 :<\/strong><\/span><\/p>\n<ul class=\"font_7\" style=\"text-align: justify;\">\n<li>\n<p class=\"font_7\">Inventaire et expertise des chauss\u00e9es sur les bassins versants des rivi\u00e8res Dourdou de Camar\u00e8s et Rance dans l\u2019Aveyron (12).<br \/>\n<span style=\"font-size: 10pt;\"><em>Ma\u00eetrise d&rsquo;Ouvrage : DDT de l\u2019Aveyron.<\/em><\/span><\/p>\n<\/li>\n<li>\n<p class=\"font_7\">Etude sur l&rsquo;am\u00e9nagement du plan d&rsquo;eau de Parisot (82).<br \/>\n<span style=\"font-size: 10pt;\"><em>Ma\u00eetrise d&rsquo;Ouvrage : Mairie de Parisot.<\/em><\/span><\/p>\n<\/li>\n<li>\n<p class=\"font_7\">Expertise de la s\u00e9curit\u00e9 du barrage de Fagebelle (09).<br \/>\n<span style=\"font-size: 10pt;\"><em>Ma\u00eetrise d&rsquo;Ouvrage : Communaut\u00e9 de Communes des Pays d\u2019Olmes.<\/em><\/span><\/p>\n<\/li>\n<\/ul>\n<p style=\"text-align: justify;\">\n<p class=\"font_7\" style=\"text-align: justify;\"><span style=\"text-decoration: underline;\"><strong>2009 :<\/strong><\/span><\/p>\n<ul class=\"font_7\" style=\"text-align: justify;\">\n<li>\n<p class=\"font_7\">Etudes pr\u00e9alables pour la remise en \u00e9tat des berges de la digue de la Grande-Aulnaie (27).<br \/>\n<span style=\"font-size: 10pt;\"><em>Ma\u00eetrise d&rsquo;Ouvrage : R\u00e9gie Electrique d&rsquo;Elbeuf.<\/em><\/span><\/p>\n<\/li>\n<li>\n<p class=\"font_7\">Visite Technique Approfondie et diagnostic de s\u00fbret\u00e9 de la digue de Verdun sur le Ruisseau des Moulines\u00a0(09).<br \/>\n<span style=\"font-size: 10pt;\"><em>Ma\u00eetrise d&rsquo;Ouvrage : Commune de Verdun.<\/em><\/span><\/p>\n<\/li>\n<li>\n<p class=\"font_7\">Etude de danger de la digue FUMECO \u00e0 Artigat (09).<br \/>\n<span style=\"font-size: 10pt;\"><em>Ma\u00eetrise d&rsquo;Ouvrage : FUMECO sarl.<\/em><\/span><\/p>\n<\/li>\n<\/ul>\n<p style=\"text-align: justify;\">\n<p class=\"font_7\" style=\"text-align: justify;\"><span style=\"text-decoration: underline;\"><strong>2008 :<\/strong><\/span><\/p>\n<ul class=\"font_7\" style=\"text-align: justify;\">\n<li>\n<p class=\"font_7\" style=\"text-align: justify;\">Etablissement des dossiers de r\u00e9glementation des retenues collinaires en Ari\u00e8ge (09).<br \/>\n<span style=\"font-size: 10pt;\"><em>Ma\u00eetrise d&rsquo;Ouvrage :\u00a0SPEMA.<\/em><\/span><\/p>\n<\/li>\n<\/ul>\n<p style=\"text-align: justify;\">\n<p class=\"font_7\" style=\"text-align: justify;\"><span style=\"text-decoration: underline;\"><strong>2007 :<\/strong><\/span><\/p>\n<ul class=\"font_7\">\n<li>\n<p class=\"font_7\" style=\"text-align: justify;\">Dossier de r\u00e9gularisation de retenues collinaires.<br \/>\n<span style=\"font-size: 10pt;\"><em>Ma\u00eetrise d&rsquo;Ouvrage : DDEA de l&rsquo;Ari\u00e8ge, Service de Police de l&rsquo;Eau de la DDEA 09.<\/em><\/span><\/p>\n<\/li>\n<\/ul>\n<\/div>\n<div class=\"csColumnGap\" style=\"margin: 0px; padding: 0px; float: left; width: 9.38%;\"><img decoding=\"async\" style=\"border: none;\" src=\"http:\/\/agerin.ovh\/wp-content\/plugins\/advanced-wp-columns\/assets\/js\/plugins\/views\/img\/1x1-pixel.png\" \/><\/div>\n<div class=\"csColumn\" style=\"margin: 0px; padding: 0px; float: left; width: 38.5%;\" data-csstartpoint=\"590\" data-csendpoint=\"960\" data-cswidth=\"38.5%\" data-csid=\"21d1949f-c334-63c9-aab9-2d3468f4c344\">\n<div align=\"center\">\n<p>[foogallery id=\u00a0\u00bb236&Prime;]<\/p>\n<\/div>\n<\/div>\n<div style=\"clear: both; float: none; display: block; visibility: hidden; width: 0px; font-size: 0px; line-height: 0;\"><\/div>\n<\/div>\n<p>&nbsp;<\/p>\n<p>&nbsp;<\/p>\n<p class=\"font_7\"><br class=\"nc\" \/><br class=\"nc\" \/><br class=\"nc\" \/><br class=\"nc\" \/><br class=\"nc\" \/><br class=\"nc\" \/><br class=\"nc\" \/><br class=\"nc\" \/><\/p>\n","protected":false},"excerpt":{"rendered":"<p>2017 : Barrage du Moulinal. Analyse de la situation actuelle et possibilit\u00e9s de rem\u00e9diation (82) Ma\u00eetrise d&rsquo;Ouvrage : M. Laroque &nbsp; 2016\u00a0: Etude et expertise des ouvrages communaux de lutte contre les inondations et crues torrentielles (digues, barrages et \u00ab\u00a0syst\u00e8mes de protection\u00a0\u00bb) (09). Ma\u00eetrise d&rsquo;Ouvrage : SYRPPA, SYMAR. 2015\u00a0: Etude de l\u2019\u00e9vacuateur du barrage de [&hellip;]<\/p>\n","protected":false},"author":1,"featured_media":0,"parent":1069,"menu_order":0,"comment_status":"closed","ping_status":"closed","template":"","meta":[],"_links":{"self":[{"href":"https:\/\/agerin.ovh\/index.php\/wp-json\/wp\/v2\/pages\/15"}],"collection":[{"href":"https:\/\/agerin.ovh\/index.php\/wp-json\/wp\/v2\/pages"}],"about":[{"href":"https:\/\/agerin.ovh\/index.php\/wp-json\/wp\/v2\/types\/page"}],"author":[{"embeddable":true,"href":"https:\/\/agerin.ovh\/index.php\/wp-json\/wp\/v2\/users\/1"}],"replies":[{"embeddable":true,"href":"https:\/\/agerin.ovh\/index.php\/wp-json\/wp\/v2\/comments?post=15"}],"version-history":[{"count":45,"href":"https:\/\/agerin.ovh\/index.php\/wp-json\/wp\/v2\/pages\/15\/revisions"}],"predecessor-version":[{"id":1892,"href":"https:\/\/agerin.ovh\/index.php\/wp-json\/wp\/v2\/pages\/15\/revisions\/1892"}],"up":[{"embeddable":true,"href":"https:\/\/agerin.ovh\/index.php\/wp-json\/wp\/v2\/pages\/1069"}],"wp:attachment":[{"href":"https:\/\/agerin.ovh\/index.php\/wp-json\/wp\/v2\/media?parent=15"}],"curies":[{"name":"wp","href":"https:\/\/api.w.org\/{rel}","templated":true}]}}