








{"id":30,"date":"2016-07-21T14:57:59","date_gmt":"2016-07-21T12:57:59","guid":{"rendered":"http:\/\/test.agerin.ovh\/?page_id=30"},"modified":"2021-02-11T12:20:09","modified_gmt":"2021-02-11T10:20:09","slug":"accueil","status":"publish","type":"page","link":"https:\/\/agerin.ovh\/","title":{"rendered":"Accueil"},"content":{"rendered":"<p><!-- Global site tag (gtag.js) - Google Analytics --><br \/>\n<script async src=\"https:\/\/www.googletagmanager.com\/gtag\/js?id=UA-115112602-1\"><\/script><br \/>\n<script>\n  window.dataLayer = window.dataLayer || [];\n  function gtag(){dataLayer.push(arguments);}\n  gtag('js', new Date());<\/p>\n<p>  gtag('config', 'UA-115112602-1');\n<\/script><\/p>\n<h3><span style=\"text-decoration: underline; color: #000000; font-family: 'calibri';\"><span class=\"color_2\"><strong>A<\/strong>m\u00e9nagement et <strong>G<\/strong>estion de l&rsquo;<strong>E<\/strong>nvironnement et des <strong>RI<\/strong>sques <strong>N<\/strong>aturels<\/span><\/span><\/h3>\n<p>&nbsp;<\/p>\n<div class=\"csRow\">\n<div class=\"csRow\">\n<div class=\"csColumnGap\" style=\"margin: 0px; padding: 0px; float: left; width: 1.04%;\"><img decoding=\"async\" style=\"border: none;\" src=\"http:\/\/agerin.ovh\/wp-content\/plugins\/advanced-wp-columns\/assets\/js\/plugins\/views\/img\/1x1-pixel.png\" \/><\/div>\n<div class=\"csColumn\" style=\"margin: 0px; padding: 0px; float: left; width: 40.5%;\" data-csstartpoint=\"10\" data-csendpoint=\"399\" data-cswidth=\"40.5%\" data-csid=\"ab09d1e4-d671-b142-902c-99348354094e\">\n<div style=\"max-width: 575px; margin: 0 auto;\" class=\"ml-slider-3-7-2 metaslider metaslider-nivo metaslider-1350 ml-slider\">\n    \n    <div id=\"metaslider_container_1350\">\n        <div class='slider-wrapper theme-default'>\n            <div class='ribbon'><\/div>\n            <div id='metaslider_1350' class='nivoSlider'>\n                <img src=\"https:\/\/agerin.ovh\/wp-content\/uploads\/2016\/07\/2014-Crue-credit-AGERIN-575x320.jpg\" height=\"320\" width=\"575\" alt=\"\" class=\"slider-1350 slide-1351\" \/>\n                <img src=\"https:\/\/agerin.ovh\/wp-content\/uploads\/2016\/07\/IMERYS-Talc-chute-blocs-credit-AGERIN-575x320.jpg\" height=\"320\" width=\"575\" alt=\"\" class=\"slider-1350 slide-1352\" \/>\n                <img src=\"https:\/\/agerin.ovh\/wp-content\/uploads\/2016\/07\/Ustou-2015-Avalanche-credit-AGERIN-575x320.jpg\" height=\"320\" width=\"575\" alt=\"\" class=\"slider-1350 slide-1353\" \/>\n                <img src=\"https:\/\/agerin.ovh\/wp-content\/uploads\/2016\/12\/IMG_20150918_145606-575x320.jpg\" height=\"320\" width=\"575\" alt=\"\" class=\"slider-1350 slide-1771\" \/>\n                <img src=\"https:\/\/agerin.ovh\/wp-content\/uploads\/2016\/07\/Subra-2014-Avalanche-credit-EdF-575x320.jpg\" height=\"320\" width=\"575\" alt=\"\" class=\"slider-1350 slide-1354\" \/>\n                <img src=\"https:\/\/agerin.ovh\/wp-content\/uploads\/2016\/07\/St-B\u00e9at-2013-Crues-credit-AGERIN-575x320.jpg\" height=\"320\" width=\"575\" alt=\"\" class=\"slider-1350 slide-1355\" \/>\n            <\/div>\n        <\/div>\n        \n    <\/div>\n<\/div>\n<\/div>\n<div class=\"csColumnGap\" style=\"margin: 0px; padding: 0px; float: left; width: 2.71%;\"><img decoding=\"async\" style=\"border: none;\" src=\"http:\/\/agerin.ovh\/wp-content\/plugins\/advanced-wp-columns\/assets\/js\/plugins\/views\/img\/1x1-pixel.png\" \/><\/div>\n<div class=\"csColumn\" style=\"margin: 0px; padding: 0px; float: left; width: 51.9%;\" data-csstartpoint=\"425\" data-csendpoint=\"923\" data-cswidth=\"51.9%\" data-csid=\"96e7e183-280a-b5bf-a184-75a49d09711d\">\n<div style=\"text-align: justify;\">\n<p>Existant depuis\u00a02000, <strong>AGERIN<\/strong> s\u2019est sp\u00e9cialis\u00e9e dans les domaines de l&rsquo;am\u00e9nagement et de la gestion des cours d&rsquo;eau, de l&rsquo;environnement et du risque naturel.<\/p>\n<p>Notre <strong>champ d&rsquo;action<\/strong> se situe sur le territoire national avec toutefois une majorit\u00e9 d&rsquo;affaire men\u00e9e dans le Grand Sud-Ouest.<\/p>\n<p>Fort des <strong>comp\u00e9tences<\/strong> et de l\u2019exp\u00e9rience d\u2019une \u00e9quipe pluridisciplinaire (ing\u00e9nieurs et docteurs), nous sommes en mesure de vous accompagner dans la plupart de vos projets relatifs \u00e0 la gestion de l\u2019eau, des cours d\u2019eau et des risques naturels.<\/p>\n<p>Avant toute chose, notre volont\u00e9 est d\u2019apporter pour tous les projets une <strong>plus-value de savoir-faire et d\u2019innovation<\/strong> qui permet au Ma\u00eetre d\u2019Ouvrage de toujours avoir la <strong>garantie de projets de grande qualit\u00e9.<\/strong><\/p>\n<p>Nos atouts r\u00e9sident dans l&rsquo;alliance d&rsquo;une parfaite connaissance du terrain et d&rsquo;une ma\u00eetrise des <a href=\"http:\/\/agerin.ovh\/index.php\/moyens-materiels-et-informatiques\/\">derni\u00e8res technologies applicables \u00e0 l&rsquo;am\u00e9nagement <\/a>(SIG, mod\u00e9lisation num\u00e9rique, campagne de mesures et de lev\u00e9s topographiques, etc.).<\/p>\n<\/div>\n<\/div>\n<div class=\"csColumnGap\" style=\"margin: 0px; padding: 0px; float: left; width: 3.85%;\"><img decoding=\"async\" style=\"border: none;\" src=\"http:\/\/agerin.ovh\/wp-content\/plugins\/advanced-wp-columns\/assets\/js\/plugins\/views\/img\/1x1-pixel.png\" \/><\/div>\n<div style=\"clear: both; float: none; display: block; visibility: hidden; width: 0px; font-size: 0px; line-height: 0;\"><\/div>\n<\/div>\n<\/div>\n","protected":false},"excerpt":{"rendered":"<p>Am\u00e9nagement et Gestion de l&rsquo;Environnement et des RIsques Naturels &nbsp; Existant depuis\u00a02000, AGERIN s\u2019est sp\u00e9cialis\u00e9e dans les domaines de l&rsquo;am\u00e9nagement et de la gestion des cours d&rsquo;eau, de l&rsquo;environnement et du risque naturel. Notre champ d&rsquo;action se situe sur le territoire national avec toutefois une majorit\u00e9 d&rsquo;affaire men\u00e9e dans le Grand Sud-Ouest. Fort des comp\u00e9tences [&hellip;]<\/p>\n","protected":false},"author":1,"featured_media":0,"parent":0,"menu_order":0,"comment_status":"closed","ping_status":"closed","template":"","meta":[],"_links":{"self":[{"href":"https:\/\/agerin.ovh\/index.php\/wp-json\/wp\/v2\/pages\/30"}],"collection":[{"href":"https:\/\/agerin.ovh\/index.php\/wp-json\/wp\/v2\/pages"}],"about":[{"href":"https:\/\/agerin.ovh\/index.php\/wp-json\/wp\/v2\/types\/page"}],"author":[{"embeddable":true,"href":"https:\/\/agerin.ovh\/index.php\/wp-json\/wp\/v2\/users\/1"}],"replies":[{"embeddable":true,"href":"https:\/\/agerin.ovh\/index.php\/wp-json\/wp\/v2\/comments?post=30"}],"version-history":[{"count":82,"href":"https:\/\/agerin.ovh\/index.php\/wp-json\/wp\/v2\/pages\/30\/revisions"}],"predecessor-version":[{"id":1931,"href":"https:\/\/agerin.ovh\/index.php\/wp-json\/wp\/v2\/pages\/30\/revisions\/1931"}],"wp:attachment":[{"href":"https:\/\/agerin.ovh\/index.php\/wp-json\/wp\/v2\/media?parent=30"}],"curies":[{"name":"wp","href":"https:\/\/api.w.org\/{rel}","templated":true}]}}