








{"id":36,"date":"2016-07-21T14:58:26","date_gmt":"2016-07-21T12:58:26","guid":{"rendered":"http:\/\/test.agerin.ovh\/?page_id=36"},"modified":"2017-06-13T15:59:01","modified_gmt":"2017-06-13T13:59:01","slug":"nos-principaux-clients","status":"publish","type":"page","link":"https:\/\/agerin.ovh\/index.php\/societe\/nos-principaux-clients\/","title":{"rendered":"Nos principaux clients"},"content":{"rendered":"<hr>\n<h5 class=\"font_7\" dir=\"ltr\" style=\"text-align: justify;\"><strong>Des services de l\u2019Etat :<\/strong><\/h5>\n<p class=\"font_8\" dir=\"ltr\" style=\"text-align: justify;\">DREAL Midi-Pyr\u00e9n\u00e9es, DDT de l\u2019Ari\u00e8ge, DDT de la Loz\u00e8re, DDT de Haute-Garonne, DDT du Lot et Garonne, DDT des Hautes Pyr\u00e9n\u00e9es, DDT de l\u2019Aveyron, DDT du Tarn, DDT de l\u2019Ard\u00e8che, DDT du Gers\u2026<\/p>\n<p>&nbsp;<\/p>\n<h5 class=\"font_7\" dir=\"ltr\" style=\"text-align: justify;\"><strong>Des Syndicats de rivi\u00e8res :<\/strong><\/h5>\n<p class=\"font_8\" dir=\"ltr\" style=\"text-align: justify;\">SYRRPA (09), SYAC (09), Syndicat du Vert (64), Syndicat du Viaur (12), SMIVAL (31), SIBA (27), SIGAL (15), Syndicat de l\u2019Alses (09), SIAV2A (12), SMAD des Combrailles (63), SMAT du bassin de la Sioule (03), SYMAR (09) &#8230;<\/p>\n<p>&nbsp;<\/p>\n<h5 class=\"font_7\" dir=\"ltr\" style=\"text-align: justify;\"><strong>Des Collectivit\u00e9s territoriales :<\/strong><\/h5>\n<p class=\"font_8\" dir=\"ltr\" style=\"text-align: justify;\">Conseil D\u00e9partemental de l\u2019Ari\u00e8ge, Conseil D\u00e9partemental de l\u2019Aveyron, Conseil D\u00e9partemental des Pyr\u00e9n\u00e9es Atlantiques, Conseil D\u00e9partemental du Gers, Conseil D\u00e9partemental de Seine Saint Denis, Communaut\u00e9 de Commune de Pamiers (09), Communaut\u00e9 de Commune de l\u2019Hers Moyenne (09), Communaut\u00e9 de Commune du Pays d\u2019Olmes (09), Communaut\u00e9 de Commune Quercy- Rouergue et Gorges de l\u2019Aveyron (82), Communaut\u00e9 de Commune de Montauban Trois Rivi\u00e8res (82), Communaut\u00e9 de commune Grand Montauban (82), Communaut\u00e9 de commune du Canton d\u2019Oust (09), Communaut\u00e9 de Commune du Pays de Menat (63), Communaut\u00e9 de Commune Eure-Madrie-Seine (27), Communaut\u00e9 de Commune de la Basse Ari\u00e8ge (31), Communaut\u00e9 de commune du Quercy-Caussadais (82), Communaut\u00e9 d\u2019agglom\u00e9ration du Grand Montauban (82), Communaut\u00e9 de Commune COLAURSUD (31), Communaut\u00e9 de Commune Vall\u00e9e de Saint-Savin (31) \u2026<\/p>\n<p>&nbsp;<\/p>\n<h5 class=\"font_7\" dir=\"ltr\" style=\"text-align: justify;\"><strong>Des \u00e9tablissements publics :<\/strong><\/h5>\n<p class=\"font_8\" dir=\"ltr\" style=\"text-align: justify;\">l\u2019ONF (09), RTE (09, 31,66), SMDEA (09), Entente Lot (46), SMECTOM du Plantaurel (09), SICTOM du Couserans (09)\u2026<\/p>\n<p>&nbsp;<\/p>\n<h5 class=\"font_7\" dir=\"ltr\" style=\"text-align: justify;\"><strong>Des communes :<\/strong><\/h5>\n<p class=\"font_8\" dir=\"ltr\" style=\"text-align: justify;\">Arbas (31), Arette (64), Artigat (09), Cassagnes (31), Cassagne-B\u00e9gonh\u00e8s (12), Crampagna (09), Gabre (09), Lavelanet (09), Saint Girons (09), Rouze (09), Saint Jean de Verges (09), Laroque d\u2019Olmes (09), Montgailhard (09), Monts\u00e9gur (09), Foix (09), Saint Michel de D\u00e8ze (48), Moissac (82), Vabres l\u2019Abbaye (12), Villefranche de Rouergue (12), Villeneuve du Par\u00e9age (09), Verdun (09), Vernaux (09), Parisot (82), Villeneuve de la Raho (66), Montferrier (09), M\u00e9rens-Les-Vals (09), Saint F\u00e9lix de Rieutord (09), Charleval (27), Prat et Bonrepaux (09), Camon (09), Savignac-les-Ormeaux (09), Rieupeyroux (12), Bannac (46), Font-Romeu (66), Tarascon-sur-Ari\u00e8ge (09), Eycheil (09), Carla-Bayle (09), Villeneuve d\u2019Olmes (09), Prat-Bonrepaux (09), le Bleymard (48), &#8230;<\/p>\n<p>&nbsp;<\/p>\n<h5 class=\"font_7\" dir=\"ltr\" style=\"text-align: justify;\"><strong>Des industriels, des entreprises de travaux publics ou des prestataires de services:<\/strong><\/h5>\n<p class=\"font_8\" dir=\"ltr\" style=\"text-align: justify;\">AVELANA (09), FTL (09), ICADE G3A (31), Laini\u00e8res de Picardie (02), Nestor SAS (09), RESEAUX SA (09), Rio-Tinto-Mineral-Talcs de Luzenac (09), SOPROSUD (66), Pisciculture du Moulin de papier (24), COFOGAR (31), CERAS (33), SOBECA (31), MELINA SAS (09), SOTAP-CAROL (09), IMERYS-talc (09), Flower Camping (31), Rouleau-Guichard Energie (31), SOTRAMO (31), LEFOLL TP (27), FUMECO-LEZE (09), ALOGEA (11), MENGUY\u2019S (82), PARPAIOLA TP (31).<\/p>\n<p>&nbsp;<\/p>\n<h5 class=\"font_7\" dir=\"ltr\" style=\"text-align: justify;\"><strong>Des producteurs d\u2019\u00e9nergie (hydro\u00e9lectricit\u00e9, \u00e9olienne et solaire) :<\/strong><\/h5>\n<p class=\"font_8\" dir=\"ltr\" style=\"text-align: justify;\">Rio-Tinto-Mineral-Talcs de Luzenac (09), Les Moulins de Troteco (82), Les Centrales Associ\u00e9es (31),&nbsp; Les Moulins de la Bussi\u00e8re (02), Compagnie Pyr\u00e9n\u00e9enne Hydro\u00e9lectrique (11), Hydro-Energie (65), ONDULIA (12), IMERYS-talc (09), Rouleau-Guichard Energie (31), LEFOLL TP (27), TECHNIMAT (27), Soci\u00e9t\u00e9 du Vieux Moulin (09),&nbsp; EDF-GEH Ari\u00e8ge (09), EDF-UPSO (09-31), RALOS NEW ENERGY France (75), HYDROCOP (75), soci\u00e9t\u00e9 hydro-\u00e9lectrique Besse (19), LICADE (12), R\u00e9gie Electrique d\u2019Elbeuf (76)&nbsp;, SAS PROLEC (31), SAS SGEH (31), CCVSS (65), SARL CALAS (65), SARL AEN (09)\u2026<\/p>\n<p>&nbsp;<\/p>\n<h5 class=\"font_7\" dir=\"ltr\" style=\"text-align: justify;\"><strong>Des stations de sports d&rsquo;Hiver :<\/strong><\/h5>\n<p class=\"font_8\" dir=\"ltr\" style=\"text-align: justify;\">Station de Luz-Ardiden (65), Station des Mont d&rsquo;Olmes (09), Station de Guzet (09), Station de Peyragudes (31\/65).<\/p>\n<p>&nbsp;<\/p>\n<h5 class=\"font_7\" dir=\"ltr\" style=\"text-align: justify;\"><strong>Des bureaux d\u2019\u00e9tude sp\u00e9cialis\u00e9s et architectes :<\/strong><\/h5>\n<p class=\"font_8\" dir=\"ltr\" style=\"text-align: justify;\">G\u00e9osphair (31), Dianeige (38), Architecture et Paysage (09), Cabinet Lenoble (66), ID Eaux (46), Proj\u00e9tudes (09), A2H (02), SOGETI Ing\u00e9nierie (27), Cabinet ENZO &amp; ROSSO (31), Rural Concept (12), ECCEL Environnement (31), Cabinet ANEL (09), Cabinet Cros (09), CASALTA Architecture (31), GETEC (31) &#8230;<\/p>\n<p>&nbsp;<\/p>\n<h5 class=\"font_7\" dir=\"ltr\" style=\"text-align: justify;\"><strong>Des f\u00e9d\u00e9rations de p\u00eache et des particuliers.<\/strong><\/h5>\n","protected":false},"excerpt":{"rendered":"<p>Des services de l\u2019Etat : DREAL Midi-Pyr\u00e9n\u00e9es, DDT de l\u2019Ari\u00e8ge, DDT de la Loz\u00e8re, DDT de Haute-Garonne, DDT du Lot et Garonne, DDT des Hautes Pyr\u00e9n\u00e9es, DDT de l\u2019Aveyron, DDT du Tarn, DDT de l\u2019Ard\u00e8che, DDT du Gers\u2026 &nbsp; Des Syndicats de rivi\u00e8res : SYRRPA (09), SYAC (09), Syndicat du Vert (64), Syndicat du Viaur [&hellip;]<\/p>\n","protected":false},"author":1,"featured_media":0,"parent":1072,"menu_order":0,"comment_status":"closed","ping_status":"closed","template":"","meta":[],"_links":{"self":[{"href":"https:\/\/agerin.ovh\/index.php\/wp-json\/wp\/v2\/pages\/36"}],"collection":[{"href":"https:\/\/agerin.ovh\/index.php\/wp-json\/wp\/v2\/pages"}],"about":[{"href":"https:\/\/agerin.ovh\/index.php\/wp-json\/wp\/v2\/types\/page"}],"author":[{"embeddable":true,"href":"https:\/\/agerin.ovh\/index.php\/wp-json\/wp\/v2\/users\/1"}],"replies":[{"embeddable":true,"href":"https:\/\/agerin.ovh\/index.php\/wp-json\/wp\/v2\/comments?post=36"}],"version-history":[{"count":12,"href":"https:\/\/agerin.ovh\/index.php\/wp-json\/wp\/v2\/pages\/36\/revisions"}],"predecessor-version":[{"id":1489,"href":"https:\/\/agerin.ovh\/index.php\/wp-json\/wp\/v2\/pages\/36\/revisions\/1489"}],"up":[{"embeddable":true,"href":"https:\/\/agerin.ovh\/index.php\/wp-json\/wp\/v2\/pages\/1072"}],"wp:attachment":[{"href":"https:\/\/agerin.ovh\/index.php\/wp-json\/wp\/v2\/media?parent=36"}],"curies":[{"name":"wp","href":"https:\/\/api.w.org\/{rel}","templated":true}]}}