








{"id":48,"date":"2016-07-21T14:59:24","date_gmt":"2016-07-21T13:59:24","guid":{"rendered":"http:\/\/test.agerin.ovh\/?page_id=48"},"modified":"2017-06-13T15:35:52","modified_gmt":"2017-06-13T13:35:52","slug":"mentions-legales","status":"publish","type":"page","link":"https:\/\/agerin.ovh\/index.php\/mentions-legales\/","title":{"rendered":"Mentions l\u00e9gales"},"content":{"rendered":"<hr>\n<h5 class=\"font_3\">PROPRIETAIRE DU SITE INTERNET<\/h5>\n<p class=\"font_8\">Le site internet www.agerin.net appartient \u00e0 la Soci\u00e9t\u00e9 \u00ab AGERIN SAS \u00bb<br \/>\nSoci\u00e9t\u00e9 immatricul\u00e9e au Registre de commerce et des soci\u00e9t\u00e9s&nbsp;sous le num\u00e9ro SIRET : 441 584 752 00022<br \/>\nSi\u00e8ge social : 11 avenue du 8 Mai 1945 &#8211; 09120 VARILHES<\/p>\n<p>&nbsp;<\/p>\n<h5 class=\"font_3\">RESPONSABLE DU SITE ET DIRECTEUR DE PUBLICATION<\/h5>\n<p class=\"font_8\">M. BARRAU C\u00e9dric<br \/>\nM\u00e9l : <a href=\"mailto:cedric.barrau@agerin.net\">cedric.barrau@agerin.net<\/a><br \/>\nT\u00e9l : 09 72 47 51 80<\/p>\n<p>&nbsp;<\/p>\n<h5 class=\"font_3\">COLLECTE DES DONNEES PERSONNELLES<\/h5>\n<p class=\"font_8\">Le site internet www.agerin.net ne collecte aucune donn\u00e9e personnelle de ses utilisateurs.<\/p>\n<p>&nbsp;<\/p>\n<h5 class=\"font_3\">REALISATION DU SITE ET HEBERGEMENT<\/h5>\n<p class=\"font_8\">Site r\u00e9alis\u00e9 par le bureau d&rsquo;\u00e9tudes AGERIN SAS<br \/>\nH\u00e9bergement : OVH SAS &#8211; 2 rue Kellermann &#8211; 59 100 Roubaix &#8211; France, immatricul\u00e9e au Registre du commerce et des soci\u00e9t\u00e9s sous le num\u00e9ro TOURCOING 424 761 419 00045<\/p>\n<p class=\"font_8\">Num\u00e9ro de t\u00e9l\u00e9phone de l&rsquo;h\u00e9bergeur : 0820698765 n\u00b0 indigo (0,118 \u20ac\/min)<\/p>\n","protected":false},"excerpt":{"rendered":"<p>PROPRIETAIRE DU SITE INTERNET Le site internet www.agerin.net appartient \u00e0 la Soci\u00e9t\u00e9 \u00ab AGERIN SAS \u00bb Soci\u00e9t\u00e9 immatricul\u00e9e au Registre de commerce et des soci\u00e9t\u00e9s&nbsp;sous le num\u00e9ro SIRET : 441 584 752 00022 Si\u00e8ge social : 11 avenue du 8 Mai 1945 &#8211; 09120 VARILHES &nbsp; RESPONSABLE DU SITE ET DIRECTEUR DE PUBLICATION M. BARRAU [&hellip;]<\/p>\n","protected":false},"author":1,"featured_media":0,"parent":0,"menu_order":0,"comment_status":"closed","ping_status":"closed","template":"","meta":[],"_links":{"self":[{"href":"https:\/\/agerin.ovh\/index.php\/wp-json\/wp\/v2\/pages\/48"}],"collection":[{"href":"https:\/\/agerin.ovh\/index.php\/wp-json\/wp\/v2\/pages"}],"about":[{"href":"https:\/\/agerin.ovh\/index.php\/wp-json\/wp\/v2\/types\/page"}],"author":[{"embeddable":true,"href":"https:\/\/agerin.ovh\/index.php\/wp-json\/wp\/v2\/users\/1"}],"replies":[{"embeddable":true,"href":"https:\/\/agerin.ovh\/index.php\/wp-json\/wp\/v2\/comments?post=48"}],"version-history":[{"count":13,"href":"https:\/\/agerin.ovh\/index.php\/wp-json\/wp\/v2\/pages\/48\/revisions"}],"predecessor-version":[{"id":1266,"href":"https:\/\/agerin.ovh\/index.php\/wp-json\/wp\/v2\/pages\/48\/revisions\/1266"}],"wp:attachment":[{"href":"https:\/\/agerin.ovh\/index.php\/wp-json\/wp\/v2\/media?parent=48"}],"curies":[{"name":"wp","href":"https:\/\/api.w.org\/{rel}","templated":true}]}}