








{"id":685,"date":"2016-10-04T15:35:15","date_gmt":"2016-10-04T13:35:15","guid":{"rendered":"http:\/\/test.agerin.ovh\/?page_id=685"},"modified":"2017-06-19T17:37:57","modified_gmt":"2017-06-19T15:37:57","slug":"modelisation-chute-de-blocs","status":"publish","type":"page","link":"https:\/\/agerin.ovh\/index.php\/domaines-dactivite\/risques-naturels\/modelisation-chute-de-blocs\/","title":{"rendered":"Mod\u00e9lisation chute de blocs"},"content":{"rendered":"<hr>\n<p style=\"text-align: justify;\">L\u2019\u00e9quipe d\u2019AGERIN propose des \u00e9tudes visant \u00e0 faire face au risque de chute de blocs, qui vont de la d\u00e9finition du risque (analyse sur site, topographie, mod\u00e9lisation des trajectoires) jusqu\u2019\u00e0 la mise en place d\u2019une gestion (purge, filets\u2026).<\/p>\n<p style=\"text-align: justify;\">L\u2019analyse des zones de d\u00e9part, l\u2019estimation des masses et la mod\u00e9lisation des trajectoires, permettent d\u2019associer une approche de terrain (par des op\u00e9rateurs tr\u00e8s exp\u00e9riment\u00e9s) \u00e0 la pr\u00e9cision de la mod\u00e9lisation.<\/p>\n<p style=\"text-align: justify;\">Nous r\u00e9alisons les prestations suivantes :<\/p>\n<ul style=\"text-align: justify;\">\n<li>Topographie.<\/li>\n<li>Etudes de protection contre les chutes de blocs.<\/li>\n<li>Mod\u00e9lisation des trajectoires (2D et 3D).<\/li>\n<li>Dimensionnement d\u2019ouvrages (purge, filet, \u2026).<\/li>\n<\/ul>\n<p style=\"text-align: justify;\">Un de nos employ\u00e9s est <strong>dipl\u00f4m\u00e9 de la formation cordiste CQP1<\/strong>, ce qui nous permet de r\u00e9aliser des reconnaissances, des relev\u00e9s topographiques et des analyses d\u00e9taill\u00e9es des falaises et\/ou des secteurs difficiles d\u2019acc\u00e8s afin de r\u00e9colter le plus possibles de donn\u00e9es n\u00e9cessaires \u00e0 une calibration coh\u00e9rente des mod\u00e8les.<\/p>\n<p>&nbsp;<\/p>\n<p>[foogallery id=\u00a0\u00bb1438&Prime;]<\/p>\n<p>&nbsp;<\/p>\n<p><a href=\"http:\/\/agerin.ovh\/index.php\/references\/risques-naturels\/\">&#8211; Voir les r\u00e9f\u00e9rences d&rsquo;AGERIN &#8211;<\/a><\/p>\n","protected":false},"excerpt":{"rendered":"<p>L\u2019\u00e9quipe d\u2019AGERIN propose des \u00e9tudes visant \u00e0 faire face au risque de chute de blocs, qui vont de la d\u00e9finition du risque (analyse sur site, topographie, mod\u00e9lisation des trajectoires) jusqu\u2019\u00e0 la mise en place d\u2019une gestion (purge, filets\u2026). L\u2019analyse des zones de d\u00e9part, l\u2019estimation des masses et la mod\u00e9lisation des trajectoires, permettent d\u2019associer une approche [&hellip;]<\/p>\n","protected":false},"author":1,"featured_media":0,"parent":1067,"menu_order":0,"comment_status":"closed","ping_status":"closed","template":"","meta":[],"_links":{"self":[{"href":"https:\/\/agerin.ovh\/index.php\/wp-json\/wp\/v2\/pages\/685"}],"collection":[{"href":"https:\/\/agerin.ovh\/index.php\/wp-json\/wp\/v2\/pages"}],"about":[{"href":"https:\/\/agerin.ovh\/index.php\/wp-json\/wp\/v2\/types\/page"}],"author":[{"embeddable":true,"href":"https:\/\/agerin.ovh\/index.php\/wp-json\/wp\/v2\/users\/1"}],"replies":[{"embeddable":true,"href":"https:\/\/agerin.ovh\/index.php\/wp-json\/wp\/v2\/comments?post=685"}],"version-history":[{"count":24,"href":"https:\/\/agerin.ovh\/index.php\/wp-json\/wp\/v2\/pages\/685\/revisions"}],"predecessor-version":[{"id":1805,"href":"https:\/\/agerin.ovh\/index.php\/wp-json\/wp\/v2\/pages\/685\/revisions\/1805"}],"up":[{"embeddable":true,"href":"https:\/\/agerin.ovh\/index.php\/wp-json\/wp\/v2\/pages\/1067"}],"wp:attachment":[{"href":"https:\/\/agerin.ovh\/index.php\/wp-json\/wp\/v2\/media?parent=685"}],"curies":[{"name":"wp","href":"https:\/\/api.w.org\/{rel}","templated":true}]}}